actors of q?
20897
Suppose 7*s - 27362 = -2*f + 5*s, -4*f + 2*s + 54736 = 0. List the prime factors of f.
3, 4561
Let c = 658 + -249. Let z = 1349 - c. What are the prime factors of z?
2, 5, 47
What are the prime factors of 23067/44 + -11 + (-2)/8?
3, 19
Suppose 2*a = -3*t + 355, 2*t - 4*a - 343 = -t. Let i = t - -84. What are the prime factors of i?
3, 67
Let y(h) = 9*h**2 + 202*h + 55. List the prime factors of y(-34).
3, 7, 19
Suppose 0 = -4*n - w - 988, -2*n = -w - w + 494. Let u = n + 844. What are the prime factors of u?
3, 199
Let g(p) = 20825*p - 271. List the prime factors of g(1).
2, 43, 239
Let w = 21 - 7. Suppose 0 = 15*q - w*q - 8. What are the prime factors of 116/(q + -4) + 4?
3, 11
Let a(x) = 2 + 11*x + 6 - 20. List the prime factors of a(42).
2, 3, 5
List the prime factors of (-3)/(-6)*(-15372078)/(-201).
38239
Let l(b) = -2203*b - 8. Let y be l(1). Let x = 3438 + y. List the prime factors of x.
3, 409
Let z = 37051 - 27901. List the prime factors of z.
2, 3, 5, 61
Let f(a) = 10*a + 3. Let y be f(1). Let q be ((-6)/(-9))/1 + y/3. Suppose -x + 4*n = x - 58, 0 = q*x + 4*n - 201. What are the prime factors of x?
37
Let m(s) = -33*s + 3. Let f be m(-2). Let k = f + 150. Suppose -5*o + k = 4*l - 759, -993 = -5*o + l. List the prime factors of o.
2, 3, 11
Suppose -5*f + 14480 = -9*v + 14*v, -f = -v - 2890. Suppose -2*w = 3*p - f, 5*p - 13*w + 18*w - 4815 = 0. List the prime factors of p.
967
Let m(d) be the third derivative of -7*d**6/360 + 23*d**5/120 + d**4/4 - 14*d**2. Let w(y) be the second derivative of m(y). List the prime factors of w(-7).
11
Let j(s) = 136*s**3 - 35*s**2 + 142*s - 14. What are the prime factors of j(4)?
2, 4349
Suppose 12*g = 80260 + 342152. Suppose -g = -20*o - 12421. List the prime factors of o.
17, 67
Let k(c) = -3*c - 15. Let g be k(-6). Suppose -48 = g*h - 60. Suppose h*a = 72 + 220. List the prime factors of a.
73
Let g(k) = 116*k + 1429. What are the prime factors of g(-10)?
269
What are the prime factors of -1 + 936/(-12)*1630/(-15)?
3, 5, 113
Suppose 45 + 65 = 5*d. Suppose -16660 = -57*i + d*i. What are the prime factors of i?
2, 7, 17
Let q be ((-28)/70 - -1)/(2/140). What are the prime factors of 594/(-12)*(-728)/q?
2, 3, 11, 13
List the prime factors of (9 + 118371/(-3))/(-2) - -7.
3, 6577
Let g be (-16)/(-6)*54/72. What are the prime factors of 80040/220 - g/(-11)?
2, 7, 13
Suppose -2*v = -19*v + 436407. List the prime factors of v.
3, 43, 199
Suppose 4*d - 35036 = -2*p, 5*d = 2*p + 61447 - 17670. What are the prime factors of d?
3, 7, 139
What are the prime factors of 11045565/324 - (3 - 3/4)?
3, 11, 1033
Let k(q) = 2*q**3 - 9*q**2 + 16*q - 16. Let n be k(5). Let s(r) = 11*r**2 + 4*r - 3. Let l be s(2). Let d = n - l. What are the prime factors of d?
2, 5
Let h = 7878 + -2994. What are the prime factors of h?
2, 3, 11, 37
Suppose -2*k + 2619 = -3*j, -211*k = -212*k - 2*j + 1320. What are the prime factors of k?
2, 3, 73
What are the prime factors of ((-3852)/8)/(72/(-6240))?
2, 3, 5, 13, 107
Suppose 0 = 4*i - 7*i - 315. Suppose -55*n + 113*n = 64*n + 810. Let q = i - n. What are the prime factors of q?
2, 3, 5
Suppose -5*i = 4*j + 1 + 5, -4*j = 16. What are the prime factors of i/7 - 267/(-21)?
13
Let a = -5523 + 3868. Let t = -1182 - a. List the prime factors of t.
11, 43
Suppose 47*w + 8*w = 6160. Suppose -b = 3*i + 143, -5*i = -0*i - 4*b + 244. What are the prime factors of (-2414)/(-14) + i/w?
2, 43
Suppose -r - 16 = -3*z, 3*z = -4*r + 2 - 6. Suppose -3*q = 0, 0 = -z*s - q + 2*q + 2476. List the prime factors of s.
619
Let g = -244 + 247. Suppose 0 = 2*c + g*h - 726, -2351 + 555 = -5*c + 2*h. List the prime factors of c.
2, 3, 5
Suppose 0 = 4*p + p, -2*p - 3987 = -3*m. Suppose -4*c - 2*w = -w - m, 0 = 5*c - 3*w - 1640. What are the prime factors of c?
331
Suppose 7*j = -3*s + 818, 5*j = 61*s - 66*s + 570. List the prime factors of j.
7, 17
Let n(r) = -4*r - 38. Let b(j) = 4*j - 5. Let g(v) = -5*v + 6. Let w(k) = -6*b(k) - 5*g(k). Let m(c) = n(c) - 6*w(c). List the prime factors of m(-9).
2, 13
Let p = 111013 + -78566. List the prime factors of p.
71, 457
Suppose 53*d - 15*d + 25903 = 389677. List the prime factors of d.
3, 3191
Let n(j) = 3*j**2 - 2*j**2 + 11*j + 31 - 51. Let h be n(-10). Let r = h + 103. List the prime factors of r.
73
Let j(b) = -5*b**3 - 6*b**2 + b + 1. Let g be j(-3). Suppose -g*p = -83*p + 2044. What are the prime factors of p?
7, 73
Let o be -8 - (-8)/(8/(-4)). Let f = 11 + o. List the prime factors of ((-8)/(-10))/(f + (-441)/(-435)).
2, 29
Let m(y) = -25586*y - 1519. List the prime factors of m(-1).
41, 587
Let m be 1 + 0 + (2 - 33). Let y = m + 33. Suppose v - 2*f = -0*f + 52, v = y*f + 50. List the prime factors of v.
2, 7
Let v be ((-12)/(-9))/(12/18). Let b be (-1*v)/((-10)/15). What are the prime factors of (-1001)/28*(1/(-1) - b)?
11, 13
Suppose -206 = -9*l + 145. Suppose 0 = -48*t + l*t + 4356. List the prime factors of t.
2, 11
Let t(w) = -246*w**2. Let g be t(-1). Let j(l) = 14*l - 633. Let q be j(36). Let f = q - g. List the prime factors of f.
3, 13
Let i(f) = 33*f**2 - 22*f + 21. Let z be i(17). Suppose 8*v + z = -6*v. Let x = v + 942. List the prime factors of x.
2, 11, 13
Let i(z) = 3481*z**2 - 53*z - 167. List the prime factors of i(-3).
31321
Let k(m) = -235*m**3 - 68*m**2 - 365*m + 24. List the prime factors of k(-5).
2, 11, 61
Suppose -12 = -4*k - s, 3*s - 7 = k + 3. Suppose 2*m - 10 = 0, k*p - 2*m = 3*m + 637. List the prime factors of p.
331
Suppose 0 = -5*o + 3*k + 106, -2*k - 2*k = 3*o - 52. Let m be ((-2)/4)/((-2)/o). Suppose -223 - 247 = -m*p. List the prime factors of p.
2, 47
Let l be 230/25 + -2*(-2)/(-20). Suppose l*f - 8 = -35. What are the prime factors of ((-25)/(-15) - f)*3?
2, 7
Let d be 6/2 - 0/85. List the prime factors of (222/(-4))/(1/((-56)/d)).
2, 7, 37
Suppose -133*h - 1190 = -138*h. List the prime factors of h/3*189/18.
7, 17
Suppose 5*v - 2*x - 6985 = -7*x, -2*x = 4*v - 5582. Suppose -4*u + v = 2*l, -3*u + 0*l = l - 1045. What are the prime factors of u?
2, 3, 29
Let f = -107 - -962. Let h = 499 + f. List the prime factors of h.
2, 677
Suppose -5 = 4*w - 5*r - 0, 2*r = -w + 2. Suppose -2*l - 234 + 1198 = w. List the prime factors of l.
2, 241
List the prime factors of 2484 + (56/(-8) - 1).
2, 619
What are the prime factors of (6/10)/(16 - 622799/38925)?
3, 5, 173
Suppose -5*c = 2*q - 64304, 2*c - 32767 = 5*q - 7086. List the prime factors of c.
2, 3, 2143
Suppose -5*x + v = -34473 - 85167, -5*v = 0. List the prime factors of x.
2, 3, 997
Let q = -115 + 263. Let o = -137 + q. List the prime factors of 58 + (-13 + o - (1 - 0)).
5, 11
Let t = 17 + 15. Suppose u = -t + 170. Suppose 3*h = 117 + u. List the prime factors of h.
5, 17
Let p be -344 - (-3 - -1) - 3*-2. List the prime factors of (p/(-20))/(((-108)/(-1120))/9).
2, 7
Let v = -226 - -232. Suppose 0 = -0*x - v*x + 1542. What are the prime factors of x?
257
Let u(q) = -q**3 + 14*q**2 - 4*q. Let f be u(12). Let s be -4*(-188)/f + 4/(-30). Suppose 0 = 2*c + 7*w - s*w - 102, -c - w = -51. List the prime factors of c.
3, 17
Let r = 210 + -113. Let m = r - 56. Let c = 169 - m. List the prime factors of c.
2
Suppose -6*j = 7*j - 117. Suppose 2*o - 273 = -p, 0 = 3*o + 6 + j. List the prime factors of p.
283
Suppose -77*y - 55572 = -82*y - 3*b, -2*y + b + 22220 = 0. What are the prime factors of y?
2, 3, 463
Suppose 3*a = -a + 16. Let x be -47 + (-7)/(7/a). Let f = x - -97. List the prime factors of f.
2, 23
Suppose -16763428 + 1030245 + 2260303 = -292*b. What are the prime factors of b?
2, 3, 5, 769
Let o(b) = 20*b - 130. Let y(h) = -8*h - 27. Let w be y(-6). List the prime factors of o(w).
2, 5, 29
List the prime factors of (-9)/21 + 6*(-157860)/(-189).
5011
Let b(m) = -m**2 - 9*m - 15. Let u be b(-6). Suppose -4*a - u = -a. List the prime factors of a + 8/2 - -89.
2, 23
Let c(s) be the first derivative of -6*s - 20 + 13/3*s**3 - 5/2*s**2. What are the prime factors of c(-4)?
2, 3, 37
Suppose -69*u + 141329 = -239551. What are the prime factors of u?
2, 3, 5, 23
Let f = 20053 + -2906. List the prime factors of f.
13, 1319
Let x = 159 - 106. Suppose 17 = 9*k + x. List the prime factors of -17 - -34 - k/(-2).
3, 5
Let h = -4169 + 9636. What are the prime factors of h?
7, 11, 